{"id":19,"date":"2014-03-26T17:05:43","date_gmt":"2014-03-26T16:05:43","guid":{"rendered":"http:\/\/nowak-containerdienst.de\/?page_id=19"},"modified":"2020-08-22T19:46:52","modified_gmt":"2020-08-22T17:46:52","slug":"container","status":"publish","type":"page","link":"https:\/\/nowak-containerdienst.de\/?page_id=19","title":{"rendered":"Container"},"content":{"rendered":"<h2><span style=\"font-size: 12pt; line-height: 1.5em;\">Sie k\u00f6nnen zwischen Containergr\u00f6\u00dfen von 5,5 m\u00b3 &#8211; 20 m\u00b3 w\u00e4hlen. Selbstverst\u00e4ndlich nehmen wir auch Abfallmengen unter 5,5 m\u00b3 an. Dabei garantiert Ihnen unsere Berechnung pro m\u00b3, dass Sie nur f\u00fcr die Menge aufkommen, die auch wirklich bei Ihnen anf\u00e4llt. Berechnet wird nur der tats\u00e4chliche Inhalt des Containers!<\/span><\/h2>\n<h3>Technische Angaben<\/h3>\n<p><span style=\"font-size: 12pt;\"><strong>Unsere Container erhalten Sie z.b. in folgenden Abmessungen:<\/strong><\/span><\/p>\n<ul>\n<li><span style=\"font-size: 12pt;\"><strong>L\u00e4nge:<\/strong>\u00a04 m &#8211; 5,50 m<\/span><\/li>\n<li><span style=\"font-size: 12pt;\"><strong>Breite:<\/strong>\u00a01,70 m &#8211; 2,30 m<\/span><\/li>\n<li><span style=\"font-size: 12pt;\"><strong>H\u00f6he:<\/strong>\u00a0variiert je nach Gr\u00f6\u00dfe<\/span><\/li>\n<\/ul>\n<p><span style=\"font-size: 12pt;\"><strong>Sie sind unsicher welcher Container f\u00fcr Ihren Bedarf am besten geeignet ist?<\/strong><\/span><br \/>\n<span style=\"font-size: 12pt;\"> Rufen Sie uns am besten direkt unter der oben genannten Telefonnummer an.<\/span><\/p>\n","protected":false},"excerpt":{"rendered":"<p>Sie k\u00f6nnen zwischen Containergr\u00f6\u00dfen von 5,5 m\u00b3 &#8211; 20 m\u00b3 w\u00e4hlen. Selbstverst\u00e4ndlich nehmen wir auch Abfallmengen unter 5,5 m\u00b3 an. Dabei garantiert Ihnen unsere Berechnung pro m\u00b3, dass Sie nur f\u00fcr die Menge aufkommen, die auch wirklich bei Ihnen anf\u00e4llt. Berechnet wird nur der tats\u00e4chliche Inhalt des Containers! Technische Angaben Unsere Container erhalten Sie z.b. [&hellip;]<\/p>\n","protected":false},"author":1,"featured_media":0,"parent":0,"menu_order":3,"comment_status":"closed","ping_status":"closed","template":"","meta":{"footnotes":"","_links_to":"","_links_to_target":""},"class_list":["post-19","page","type-page","status-publish","hentry"],"_links":{"self":[{"href":"https:\/\/nowak-containerdienst.de\/index.php?rest_route=\/wp\/v2\/pages\/19"}],"collection":[{"href":"https:\/\/nowak-containerdienst.de\/index.php?rest_route=\/wp\/v2\/pages"}],"about":[{"href":"https:\/\/nowak-containerdienst.de\/index.php?rest_route=\/wp\/v2\/types\/page"}],"author":[{"embeddable":true,"href":"https:\/\/nowak-containerdienst.de\/index.php?rest_route=\/wp\/v2\/users\/1"}],"replies":[{"embeddable":true,"href":"https:\/\/nowak-containerdienst.de\/index.php?rest_route=%2Fwp%2Fv2%2Fcomments&post=19"}],"version-history":[{"count":5,"href":"https:\/\/nowak-containerdienst.de\/index.php?rest_route=\/wp\/v2\/pages\/19\/revisions"}],"predecessor-version":[{"id":106,"href":"https:\/\/nowak-containerdienst.de\/index.php?rest_route=\/wp\/v2\/pages\/19\/revisions\/106"}],"wp:attachment":[{"href":"https:\/\/nowak-containerdienst.de\/index.php?rest_route=%2Fwp%2Fv2%2Fmedia&parent=19"}],"curies":[{"name":"wp","href":"https:\/\/api.w.org\/{rel}","templated":true}]}}